{"id":81,"date":"2007-09-25T18:07:36","date_gmt":"2007-09-25T16:07:36","guid":{"rendered":"http:\/\/mav.leine-solling.de\/neu\/?page_id=81"},"modified":"2025-11-25T10:46:42","modified_gmt":"2025-11-25T09:46:42","slug":"ga","status":"publish","type":"page","link":"https:\/\/mav.leine-solling.de\/?page_id=81","title":{"rendered":"GA"},"content":{"rendered":"<p>Der <em><strong>Gesamtausschuss der Mitarbeitervertretungen<\/strong><\/em> wird nach \u00a7 54 <b><abbr class='c2c-text-hover' title='Mitarbeitervertretungsgesetz'>MVG<\/abbr>-EKD<\/b> gebildet. In ihn werden von den \u00f6rtlichen MAVen neun Mitglieder gew\u00e4hlt. Der Gesamtausschuss ber\u00e4t, informiert und unterst\u00fctzt die Mitarbeitervertretungen bei ihren Aufgaben und soll den Erfahrungsaustausch und den Informationsfluss f\u00f6rdern (\u00a7 57 <abbr class='c2c-text-hover' title='Mitarbeitervertretungsgesetz'>MVG<\/abbr>-EKD). Der Gesamtausschuss ist gegen\u00fcber den \u00f6rtlichen MAVen nicht weisungsbefugt, also nicht ihr &#8222;Vorgesetzter&#8220;. Auch gibt es -au\u00dfer dass es Mitglieder gibt, die in beiden Gremien t\u00e4tig sind- keine organisatorische Verbindung zwischen <abbr class='c2c-text-hover' title='Gesamtausschuss der Mitarbeitervertretungen'>GA<\/abbr> und <a title=\"Erl\u00e4uterung ADK\" href=\"https:\/\/mav.leine-solling.de\/?page_id=66\">der <abbr class='c2c-text-hover' title='Arbeits- und Dienstrechtliche Kommission'>ADK<\/abbr><\/a>. F\u00fcr uns ist der Gesamtausschuss der Mitarbeitervertretungen der Ev.-luth. Landeskirche Hannovers zust\u00e4ndig,\u00a0 B\u00fcro-Anschrift: Harburger Str. 2, 21614 Buxtehude.<\/p>\n<p>F\u00fcr die Wahlperiode 2025 bis 2029 ist die erste Vorsitzende des Gesamtausschusses <strong>Ilka M\u00fcller <\/strong>Tel.: 04161-5008044.\u00a0 Informationen \u00fcber den <abbr class='c2c-text-hover' title='Gesamtausschuss der Mitarbeitervertretungen'>GA<\/abbr> und vom <abbr class='c2c-text-hover' title='Gesamtausschuss der Mitarbeitervertretungen'>GA<\/abbr> gibt es <a title=\"externer Link zu www.gmav.de\" href=\"http:\/\/www.gamav.de\/\" target=\"_blank\" rel=\"noopener\">hier.<\/a><\/p>\n","protected":false},"excerpt":{"rendered":"<p>Der Gesamtausschuss der Mitarbeitervertretungen wird nach \u00a7 54 <abbr class='c2c-text-hover' title='Mitarbeitervertretungsgesetz'>MVG<\/abbr>-EKD gebildet. In ihn werden von den \u00f6rtlichen MAVen neun Mitglieder gew\u00e4hlt. Der Gesamtausschuss ber\u00e4t, informiert und unterst\u00fctzt die Mitarbeitervertretungen bei ihren Aufgaben und soll den Erfahrungsaustausch und den Informationsfluss f\u00f6rdern (\u00a7 57 <abbr class='c2c-text-hover' title='Mitarbeitervertretungsgesetz'>MVG<\/abbr>-EKD). Der Gesamtausschuss ist gegen\u00fcber den \u00f6rtlichen MAVen nicht weisungsbefugt, also nicht ihr &#8222;Vorgesetzter&#8220;. [&hellip;]<\/p>\n","protected":false},"author":1,"featured_media":0,"parent":50,"menu_order":0,"comment_status":"closed","ping_status":"closed","template":"","meta":{"footnotes":""},"class_list":["post-81","page","type-page","status-publish","hentry"],"_links":{"self":[{"href":"https:\/\/mav.leine-solling.de\/index.php?rest_route=\/wp\/v2\/pages\/81","targetHints":{"allow":["GET"]}}],"collection":[{"href":"https:\/\/mav.leine-solling.de\/index.php?rest_route=\/wp\/v2\/pages"}],"about":[{"href":"https:\/\/mav.leine-solling.de\/index.php?rest_route=\/wp\/v2\/types\/page"}],"author":[{"embeddable":true,"href":"https:\/\/mav.leine-solling.de\/index.php?rest_route=\/wp\/v2\/users\/1"}],"replies":[{"embeddable":true,"href":"https:\/\/mav.leine-solling.de\/index.php?rest_route=%2Fwp%2Fv2%2Fcomments&post=81"}],"version-history":[{"count":9,"href":"https:\/\/mav.leine-solling.de\/index.php?rest_route=\/wp\/v2\/pages\/81\/revisions"}],"predecessor-version":[{"id":5192,"href":"https:\/\/mav.leine-solling.de\/index.php?rest_route=\/wp\/v2\/pages\/81\/revisions\/5192"}],"up":[{"embeddable":true,"href":"https:\/\/mav.leine-solling.de\/index.php?rest_route=\/wp\/v2\/pages\/50"}],"wp:attachment":[{"href":"https:\/\/mav.leine-solling.de\/index.php?rest_route=%2Fwp%2Fv2%2Fmedia&parent=81"}],"curies":[{"name":"wp","href":"https:\/\/api.w.org\/{rel}","templated":true}]}}

<p>Der <em><strong>Gesamtausschuss der Mitarbeitervertretungen</strong></em> wird nach § 54 <b><abbr class='c2c-text-hover' title='Mitarbeitervertretungsgesetz'>MVG</abbr>-EKD</b> gebildet. In ihn werden von den örtlichen MAVen neun Mitglieder gewählt. Der Gesamtausschuss berät, informiert und unterstützt die Mitarbeitervertretungen bei ihren Aufgaben und soll den Erfahrungsaustausch und den Informationsfluss fördern (§ 57 <abbr class='c2c-text-hover' title='Mitarbeitervertretungsgesetz'>MVG</abbr>-EKD). Der Gesamtausschuss ist gegenüber den örtlichen MAVen nicht weisungsbefugt, also nicht ihr &#8222;Vorgesetzter&#8220;. Auch gibt es -außer dass es Mitglieder gibt, die in beiden Gremien tätig sind- keine organisatorische Verbindung zwischen <abbr class='c2c-text-hover' title='Gesamtausschuss der Mitarbeitervertretungen'>GA</abbr> und <a title="Erläuterung ADK" href="https://mav.leine-solling.de/?page_id=66">der <abbr class='c2c-text-hover' title='Arbeits- und Dienstrechtliche Kommission'>ADK</abbr></a>. Für uns ist der Gesamtausschuss der Mitarbeitervertretungen der Ev.-luth. Landeskirche Hannovers zuständig,  Büro-Anschrift: Harburger Str. 2, 21614 Buxtehude.</p>
<p>Für die Wahlperiode 2025 bis 2029 ist die erste Vorsitzende des Gesamtausschusses <strong>Ilka Müller </strong>Tel.: 04161-5008044.  Informationen über den <abbr class='c2c-text-hover' title='Gesamtausschuss der Mitarbeitervertretungen'>GA</abbr> und vom <abbr class='c2c-text-hover' title='Gesamtausschuss der Mitarbeitervertretungen'>GA</abbr> gibt es <a title="externer Link zu www.gmav.de" href="http://www.gamav.de/" target="_blank" rel="noopener">hier.</a></p>

<p>Der Gesamtausschuss der Mitarbeitervertretungen wird nach § 54 <abbr class='c2c-text-hover' title='Mitarbeitervertretungsgesetz'>MVG</abbr>-EKD gebildet. In ihn werden von den örtlichen MAVen neun Mitglieder gewählt. Der Gesamtausschuss berät, informiert und unterstützt die Mitarbeitervertretungen bei ihren Aufgaben und soll den Erfahrungsaustausch und den Informationsfluss fördern (§ 57 <abbr class='c2c-text-hover' title='Mitarbeitervertretungsgesetz'>MVG</abbr>-EKD). Der Gesamtausschuss ist gegenüber den örtlichen MAVen nicht weisungsbefugt, also nicht ihr &#8222;Vorgesetzter&#8220;. [&hellip;]</p>
