{"id":80,"date":"2007-09-25T10:17:14","date_gmt":"2007-09-25T08:17:14","guid":{"rendered":"http:\/\/mav.leine-solling.de\/neu\/?page_id=80"},"modified":"2013-04-26T09:55:43","modified_gmt":"2013-04-26T08:55:43","slug":"kirchenkreistag","status":"publish","type":"page","link":"https:\/\/mav.leine-solling.de\/?page_id=80","title":{"rendered":"KKT"},"content":{"rendered":"<p>Der <em><strong>Kirchenkreistag <\/strong><\/em>ist der &#8222;Bundestag&#8220; des Kirchenkreises und damit oberstes beschlussfassendes Organ. Im KKT sind alle Kirchenvorst\u00e4nde der Kirchengemeinden, die zum Kirchenkreis geh\u00f6ren, vertreten . Dar\u00fcberhinaus entsendet der KKV zehn Mitglieder in den KKT , darunter drei, die von den Mitarbeitenden im Kirchenkreis und seinen Gemeinden auf einer Mitarbeiterversammlung gew\u00e4hlt wurden. Da der KKT ein relativ vielk\u00f6pfiges Gremium ist, wird die meiste Arbeit in Aussch\u00fcssen erledigt.<\/p>\n<p>Der Vorstand des KKT f\u00fcr den Kirchenkreis Leine-Solling in der Wahlperiode 2013 bis 2019: Reinhard Papesch (Vorsitzender),\u00a0 Ulrike Hastedt,\u00a0 Ludolf v. Dassel, Tobias Kreitz, Harald M\u00f6hle<\/p>\n","protected":false},"excerpt":{"rendered":"<p>Der Kirchenkreistag ist der &#8222;Bundestag&#8220; des Kirchenkreises und damit oberstes beschlussfassendes Organ. Im KKT sind alle Kirchenvorst\u00e4nde der Kirchengemeinden, die zum Kirchenkreis geh\u00f6ren, vertreten . Dar\u00fcberhinaus entsendet der KKV zehn Mitglieder in den KKT , darunter drei, die von den Mitarbeitenden im Kirchenkreis und seinen Gemeinden auf einer Mitarbeiterversammlung gew\u00e4hlt wurden. Da der KKT ein [&hellip;]<\/p>\n","protected":false},"author":1,"featured_media":0,"parent":50,"menu_order":0,"comment_status":"closed","ping_status":"closed","template":"","meta":{"footnotes":""},"class_list":["post-80","page","type-page","status-publish","hentry"],"_links":{"self":[{"href":"https:\/\/mav.leine-solling.de\/index.php?rest_route=\/wp\/v2\/pages\/80","targetHints":{"allow":["GET"]}}],"collection":[{"href":"https:\/\/mav.leine-solling.de\/index.php?rest_route=\/wp\/v2\/pages"}],"about":[{"href":"https:\/\/mav.leine-solling.de\/index.php?rest_route=\/wp\/v2\/types\/page"}],"author":[{"embeddable":true,"href":"https:\/\/mav.leine-solling.de\/index.php?rest_route=\/wp\/v2\/users\/1"}],"replies":[{"embeddable":true,"href":"https:\/\/mav.leine-solling.de\/index.php?rest_route=%2Fwp%2Fv2%2Fcomments&post=80"}],"version-history":[{"count":3,"href":"https:\/\/mav.leine-solling.de\/index.php?rest_route=\/wp\/v2\/pages\/80\/revisions"}],"predecessor-version":[{"id":1828,"href":"https:\/\/mav.leine-solling.de\/index.php?rest_route=\/wp\/v2\/pages\/80\/revisions\/1828"}],"up":[{"embeddable":true,"href":"https:\/\/mav.leine-solling.de\/index.php?rest_route=\/wp\/v2\/pages\/50"}],"wp:attachment":[{"href":"https:\/\/mav.leine-solling.de\/index.php?rest_route=%2Fwp%2Fv2%2Fmedia&parent=80"}],"curies":[{"name":"wp","href":"https:\/\/api.w.org\/{rel}","templated":true}]}}

<p>Der <em><strong>Kirchenkreistag </strong></em>ist der &#8222;Bundestag&#8220; des Kirchenkreises und damit oberstes beschlussfassendes Organ. Im KKT sind alle Kirchenvorstände der Kirchengemeinden, die zum Kirchenkreis gehören, vertreten . Darüberhinaus entsendet der KKV zehn Mitglieder in den KKT , darunter drei, die von den Mitarbeitenden im Kirchenkreis und seinen Gemeinden auf einer Mitarbeiterversammlung gewählt wurden. Da der KKT ein relativ vielköpfiges Gremium ist, wird die meiste Arbeit in Ausschüssen erledigt.</p>
<p>Der Vorstand des KKT für den Kirchenkreis Leine-Solling in der Wahlperiode 2013 bis 2019: Reinhard Papesch (Vorsitzender),  Ulrike Hastedt,  Ludolf v. Dassel, Tobias Kreitz, Harald Möhle</p>

<p>Der Kirchenkreistag ist der &#8222;Bundestag&#8220; des Kirchenkreises und damit oberstes beschlussfassendes Organ. Im KKT sind alle Kirchenvorstände der Kirchengemeinden, die zum Kirchenkreis gehören, vertreten . Darüberhinaus entsendet der KKV zehn Mitglieder in den KKT , darunter drei, die von den Mitarbeitenden im Kirchenkreis und seinen Gemeinden auf einer Mitarbeiterversammlung gewählt wurden. Da der KKT ein [&hellip;]</p>
