{"id":72,"date":"2009-11-06T10:18:30","date_gmt":"2009-11-06T09:18:30","guid":{"rendered":"http:\/\/mav.leine-solling.de\/neu\/?page_id=72"},"modified":"2016-12-23T11:13:59","modified_gmt":"2016-12-23T10:13:59","slug":"dvo","status":"publish","type":"page","link":"https:\/\/mav.leine-solling.de\/?page_id=72","title":{"rendered":"DVO"},"content":{"rendered":"<p><strong>Dienstvertragsordnung<\/strong>. Regelt die Arbeitsbedingungen der nichtordinierten Mitarbeitenden im Bereich der Konf\u00f6deration evangelischer Kirchen in Niedersachsen. Die Erarbeitung und laufende Anpassung der <abbr class='c2c-text-hover' title='Dienstvertragsordnung'>DVO<\/abbr> ist die zentrale Aufgabe der <strong><a title=\"Erl\u00e4uterung ADK\" href=\"https:\/\/mav.leine-solling.de\/?page_id=67\"><abbr class='c2c-text-hover' title='Arbeits- und Dienstrechtliche Kommission'>ADK<\/abbr><\/a>.<\/strong> Mit der 61. \u00c4nderung der <abbr class='c2c-text-hover' title='Dienstvertragsordnung'>DVO<\/abbr> (wirksam ab 01.01.2009; <a title=\"Hier geht\u2019s zum Text\" href=\"https:\/\/mav.leine-solling.de\/wp-content\/uploads\/2008\/07\/dvo61.pdf\">Hier geht\u2019s zum Text<\/a>) nimmt der \u00a7 2 Abs. 1 <abbr class='c2c-text-hover' title='Dienstvertragsordnung'>DVO<\/abbr> auf den Tarifvertrag der L\u00e4nder (<a title=\"Erl\u00e4uterung TV-L\" href=\"https:\/\/mav.leine-solling.de\/?page_id=109\"><abbr class='c2c-text-hover' title='Tarifvertrag der L\u00e4nder'>TV-L<\/abbr><\/a>) Bezug. Die im <strong><abbr class='c2c-text-hover' title='Tarifvertrag der L\u00e4nder'>TV-L<\/abbr> f\u00fcr das Land Niedersachsen <\/strong>festgelegten Bestimmungen gelten, wenn nicht in der <abbr class='c2c-text-hover' title='Dienstvertragsordnung'>DVO<\/abbr> etwas anderes vereinbart wird. Die Regelungen zur Eingruppierung spezifisch kirchlicher Berufe ist in der Entgeltordnung zur <abbr class='c2c-text-hover' title='Dienstvertragsordnung'>DVO<\/abbr> neu geregelt. Die&nbsp; ab 01.01.2017 geltenden Sonderregelungen&nbsp; f\u00fcr&nbsp; Mitarbeitende,&nbsp; die&nbsp; als&nbsp; p\u00e4dagogische&nbsp; Fachkr\u00e4fte&nbsp; in&nbsp; Tageseinrichtungen f\u00fcr Kinder eingesetzt sind, ergeben sich aus Anlage 9 der <abbr class='c2c-text-hover' title='Dienstvertragsordnung'>DVO<\/abbr> in der 83. \u00c4nderung. &nbsp;Die Dienstvertragsordnung und ihre jeweiligen \u00c4nderungen erhalten f\u00fcr den einzelnen Mitarbeitenden Geltung, weil in jedem Dienstvertrag dies mit der Unterschrift so vereinbart wird.<\/p>\n<p>Die jeweils aktuellste Version der <abbr class='c2c-text-hover' title='Dienstvertragsordnung'>DVO<\/abbr>&nbsp; findet sich hier:<a title=\"Aktuelle Version der Dienstvertragsordnung in der Kirchenrechtssammlung der Landeskirche Hannovers\" href=\"http:\/\/www.kirchenrecht-evlka.de\/showdocument\/id\/21077#top\" target=\"_blank\"> <abbr class='c2c-text-hover' title='Dienstvertragsordnung'>DVO<\/abbr> in der Rechtssammlung der Landeskirche Hannovers<\/a><\/p>\n<p><span style=\"color: #ff0000;\">aktualisiert 23.12.2016<\/span><\/p>\n","protected":false},"excerpt":{"rendered":"<p>Dienstvertragsordnung. Regelt die Arbeitsbedingungen der nichtordinierten Mitarbeitenden im Bereich der Konf\u00f6deration evangelischer Kirchen in Niedersachsen. Die Erarbeitung und laufende Anpassung der <abbr class='c2c-text-hover' title='Dienstvertragsordnung'>DVO<\/abbr> ist die zentrale Aufgabe der <abbr class='c2c-text-hover' title='Arbeits- und Dienstrechtliche Kommission'>ADK<\/abbr>. Mit der 61. \u00c4nderung der <abbr class='c2c-text-hover' title='Dienstvertragsordnung'>DVO<\/abbr> (wirksam ab 01.01.2009; Hier geht\u2019s zum Text) nimmt der \u00a7 2 Abs. 1 <abbr class='c2c-text-hover' title='Dienstvertragsordnung'>DVO<\/abbr> auf den Tarifvertrag der L\u00e4nder (<abbr class='c2c-text-hover' title='Tarifvertrag der L\u00e4nder'>TV-L<\/abbr>) Bezug. [&hellip;]<\/p>\n","protected":false},"author":1,"featured_media":0,"parent":50,"menu_order":0,"comment_status":"closed","ping_status":"closed","template":"","meta":{"footnotes":""},"class_list":["post-72","page","type-page","status-publish","hentry"],"_links":{"self":[{"href":"https:\/\/mav.leine-solling.de\/index.php?rest_route=\/wp\/v2\/pages\/72","targetHints":{"allow":["GET"]}}],"collection":[{"href":"https:\/\/mav.leine-solling.de\/index.php?rest_route=\/wp\/v2\/pages"}],"about":[{"href":"https:\/\/mav.leine-solling.de\/index.php?rest_route=\/wp\/v2\/types\/page"}],"author":[{"embeddable":true,"href":"https:\/\/mav.leine-solling.de\/index.php?rest_route=\/wp\/v2\/users\/1"}],"replies":[{"embeddable":true,"href":"https:\/\/mav.leine-solling.de\/index.php?rest_route=%2Fwp%2Fv2%2Fcomments&post=72"}],"version-history":[{"count":14,"href":"https:\/\/mav.leine-solling.de\/index.php?rest_route=\/wp\/v2\/pages\/72\/revisions"}],"predecessor-version":[{"id":2742,"href":"https:\/\/mav.leine-solling.de\/index.php?rest_route=\/wp\/v2\/pages\/72\/revisions\/2742"}],"up":[{"embeddable":true,"href":"https:\/\/mav.leine-solling.de\/index.php?rest_route=\/wp\/v2\/pages\/50"}],"wp:attachment":[{"href":"https:\/\/mav.leine-solling.de\/index.php?rest_route=%2Fwp%2Fv2%2Fmedia&parent=72"}],"curies":[{"name":"wp","href":"https:\/\/api.w.org\/{rel}","templated":true}]}}

<p><strong>Dienstvertragsordnung</strong>. Regelt die Arbeitsbedingungen der nichtordinierten Mitarbeitenden im Bereich der Konföderation evangelischer Kirchen in Niedersachsen. Die Erarbeitung und laufende Anpassung der <abbr class='c2c-text-hover' title='Dienstvertragsordnung'>DVO</abbr> ist die zentrale Aufgabe der <strong><a title="Erläuterung ADK" href="https://mav.leine-solling.de/?page_id=67"><abbr class='c2c-text-hover' title='Arbeits- und Dienstrechtliche Kommission'>ADK</abbr></a>.</strong> Mit der 61. Änderung der <abbr class='c2c-text-hover' title='Dienstvertragsordnung'>DVO</abbr> (wirksam ab 01.01.2009; <a title="Hier geht’s zum Text" href="https://mav.leine-solling.de/wp-content/uploads/2008/07/dvo61.pdf">Hier geht’s zum Text</a>) nimmt der § 2 Abs. 1 <abbr class='c2c-text-hover' title='Dienstvertragsordnung'>DVO</abbr> auf den Tarifvertrag der Länder (<a title="Erläuterung TV-L" href="https://mav.leine-solling.de/?page_id=109"><abbr class='c2c-text-hover' title='Tarifvertrag der Länder'>TV-L</abbr></a>) Bezug. Die im <strong><abbr class='c2c-text-hover' title='Tarifvertrag der Länder'>TV-L</abbr> für das Land Niedersachsen </strong>festgelegten Bestimmungen gelten, wenn nicht in der <abbr class='c2c-text-hover' title='Dienstvertragsordnung'>DVO</abbr> etwas anderes vereinbart wird. Die Regelungen zur Eingruppierung spezifisch kirchlicher Berufe ist in der Entgeltordnung zur <abbr class='c2c-text-hover' title='Dienstvertragsordnung'>DVO</abbr> neu geregelt. Die&nbsp; ab 01.01.2017 geltenden Sonderregelungen&nbsp; für&nbsp; Mitarbeitende,&nbsp; die&nbsp; als&nbsp; pädagogische&nbsp; Fachkräfte&nbsp; in&nbsp; Tageseinrichtungen für Kinder eingesetzt sind, ergeben sich aus Anlage 9 der <abbr class='c2c-text-hover' title='Dienstvertragsordnung'>DVO</abbr> in der 83. Änderung. &nbsp;Die Dienstvertragsordnung und ihre jeweiligen Änderungen erhalten für den einzelnen Mitarbeitenden Geltung, weil in jedem Dienstvertrag dies mit der Unterschrift so vereinbart wird.</p>
<p>Die jeweils aktuellste Version der <abbr class='c2c-text-hover' title='Dienstvertragsordnung'>DVO</abbr>&nbsp; findet sich hier:<a title="Aktuelle Version der Dienstvertragsordnung in der Kirchenrechtssammlung der Landeskirche Hannovers" href="http://www.kirchenrecht-evlka.de/showdocument/id/21077#top" target="_blank"> <abbr class='c2c-text-hover' title='Dienstvertragsordnung'>DVO</abbr> in der Rechtssammlung der Landeskirche Hannovers</a></p>
<p><span style="color: #ff0000;">aktualisiert 23.12.2016</span></p>

<p>Dienstvertragsordnung. Regelt die Arbeitsbedingungen der nichtordinierten Mitarbeitenden im Bereich der Konföderation evangelischer Kirchen in Niedersachsen. Die Erarbeitung und laufende Anpassung der <abbr class='c2c-text-hover' title='Dienstvertragsordnung'>DVO</abbr> ist die zentrale Aufgabe der <abbr class='c2c-text-hover' title='Arbeits- und Dienstrechtliche Kommission'>ADK</abbr>. Mit der 61. Änderung der <abbr class='c2c-text-hover' title='Dienstvertragsordnung'>DVO</abbr> (wirksam ab 01.01.2009; Hier geht’s zum Text) nimmt der § 2 Abs. 1 <abbr class='c2c-text-hover' title='Dienstvertragsordnung'>DVO</abbr> auf den Tarifvertrag der Länder (<abbr class='c2c-text-hover' title='Tarifvertrag der Länder'>TV-L</abbr>) Bezug. [&hellip;]</p>
