{"id":66,"date":"2007-09-21T10:25:54","date_gmt":"2007-09-21T08:25:54","guid":{"rendered":"http:\/\/mav.leine-solling.de\/neu\/?page_id=66"},"modified":"2013-09-09T10:19:07","modified_gmt":"2013-09-09T09:19:07","slug":"adk","status":"publish","type":"page","link":"https:\/\/mav.leine-solling.de\/?page_id=66","title":{"rendered":"ADK"},"content":{"rendered":"<p><strong>Arbeits- und dienstrechtliche Kommission<\/strong>, entscheidet auf der Grundlage des <a title=\"Download Mitarbeitergesetz\" href=\"https:\/\/mav.leine-solling.de\/?p=34\">MG <\/a> \u00fcber die arbeitsrechtlichen Grundlagen aller Mitarbeitenden, also auch solche wesentlichen Dinge wie Einkommen, Dauer der w\u00f6chentlichen Arbeitszeit etc&#8230; Die <abbr class='c2c-text-hover' title='Arbeits- und Dienstrechtliche Kommission'>ADK<\/abbr> wird alle 5 Jahre neu gebildet. Die Arbeitgeber- und Arbeitnehmerseite besetzen jeweils 9 Sitze. Die Vertreter der Arbeitnehmer werden nicht direkt gew\u00e4hlt, sondern durch die Verb\u00e4nde <a title=\"Erl\u00e4uterung MVV\" href=\"https:\/\/mav.leine-solling.de\/?page_id=90\"><strong><abbr class='c2c-text-hover' title='Mitarbeitervertretungsverband'>MVV<\/abbr><\/strong><\/a>, <a title=\"Erl\u00e4uterung ver.di\" href=\"https:\/\/mav.leine-solling.de\/?page_id=111\"><strong>ver.di<\/strong><\/a> und <a title=\"Erl\u00e4uterung VkM\" href=\"https:\/\/mav.leine-solling.de\/?page_id=112\"><strong>VkM<\/strong><\/a> in die <abbr class='c2c-text-hover' title='Arbeits- und Dienstrechtliche Kommission'>ADK<\/abbr> entsandt.<\/p>\n<p>Nach nur einer Wahlperiode (2006 bis 2011) hat ver.di beschlossen, sich nicht weiter an der <abbr class='c2c-text-hover' title='Arbeits- und Dienstrechtliche Kommission'>ADK<\/abbr> zu beteiligen, da man der Auffassung ist, das Ziel, Abschluss von\u00a0 Tarifvertr\u00e4gen, nicht im Verfahren des &#8222;Dritten Weges&#8220; erreichen zu k\u00f6nnen. Die 9 Sitze der Arbeitnehmerseite teilen sich auf die verbleibenden Verb\u00e4nde folgenderma\u00dfen auf:<\/p>\n<ul>\n<li><strong>4 Sitze <\/strong><strong><abbr class='c2c-text-hover' title='Mitarbeitervertretungsverband'>MVV<\/abbr>-K<br \/>\n<\/strong><\/li>\n<li><strong>3 Sitze <\/strong><strong>VKM-Hannover<br \/>\n<\/strong><\/li>\n<li><strong>1 Sitz <\/strong><strong>VKM-Braunschweig<br \/>\n<\/strong><\/li>\n<li><strong>1 Sitz <\/strong><strong>VKM-Oldenburg<\/strong><\/li>\n<\/ul>\n<p>Diese Sitzverteilung konnte nur nach einem langwierigen Einigungsprozess, zum Schluss mit Hilfe eines externen Moderators, erreicht werden.<\/p>\n","protected":false},"excerpt":{"rendered":"<p>Arbeits- und dienstrechtliche Kommission, entscheidet auf der Grundlage des MG \u00fcber die arbeitsrechtlichen Grundlagen aller Mitarbeitenden, also auch solche wesentlichen Dinge wie Einkommen, Dauer der w\u00f6chentlichen Arbeitszeit etc&#8230; Die <abbr class='c2c-text-hover' title='Arbeits- und Dienstrechtliche Kommission'>ADK<\/abbr> wird alle 5 Jahre neu gebildet. Die Arbeitgeber- und Arbeitnehmerseite besetzen jeweils 9 Sitze. Die Vertreter der Arbeitnehmer werden nicht direkt gew\u00e4hlt, sondern durch die [&hellip;]<\/p>\n","protected":false},"author":1,"featured_media":0,"parent":50,"menu_order":0,"comment_status":"closed","ping_status":"closed","template":"","meta":{"footnotes":""},"class_list":["post-66","page","type-page","status-publish","hentry"],"_links":{"self":[{"href":"https:\/\/mav.leine-solling.de\/index.php?rest_route=\/wp\/v2\/pages\/66","targetHints":{"allow":["GET"]}}],"collection":[{"href":"https:\/\/mav.leine-solling.de\/index.php?rest_route=\/wp\/v2\/pages"}],"about":[{"href":"https:\/\/mav.leine-solling.de\/index.php?rest_route=\/wp\/v2\/types\/page"}],"author":[{"embeddable":true,"href":"https:\/\/mav.leine-solling.de\/index.php?rest_route=\/wp\/v2\/users\/1"}],"replies":[{"embeddable":true,"href":"https:\/\/mav.leine-solling.de\/index.php?rest_route=%2Fwp%2Fv2%2Fcomments&post=66"}],"version-history":[{"count":4,"href":"https:\/\/mav.leine-solling.de\/index.php?rest_route=\/wp\/v2\/pages\/66\/revisions"}],"predecessor-version":[{"id":1787,"href":"https:\/\/mav.leine-solling.de\/index.php?rest_route=\/wp\/v2\/pages\/66\/revisions\/1787"}],"up":[{"embeddable":true,"href":"https:\/\/mav.leine-solling.de\/index.php?rest_route=\/wp\/v2\/pages\/50"}],"wp:attachment":[{"href":"https:\/\/mav.leine-solling.de\/index.php?rest_route=%2Fwp%2Fv2%2Fmedia&parent=66"}],"curies":[{"name":"wp","href":"https:\/\/api.w.org\/{rel}","templated":true}]}}

<p><strong>Arbeits- und dienstrechtliche Kommission</strong>, entscheidet auf der Grundlage des <a title="Download Mitarbeitergesetz" href="https://mav.leine-solling.de/?p=34">MG </a> über die arbeitsrechtlichen Grundlagen aller Mitarbeitenden, also auch solche wesentlichen Dinge wie Einkommen, Dauer der wöchentlichen Arbeitszeit etc&#8230; Die <abbr class='c2c-text-hover' title='Arbeits- und Dienstrechtliche Kommission'>ADK</abbr> wird alle 5 Jahre neu gebildet. Die Arbeitgeber- und Arbeitnehmerseite besetzen jeweils 9 Sitze. Die Vertreter der Arbeitnehmer werden nicht direkt gewählt, sondern durch die Verbände <a title="Erläuterung MVV" href="https://mav.leine-solling.de/?page_id=90"><strong><abbr class='c2c-text-hover' title='Mitarbeitervertretungsverband'>MVV</abbr></strong></a>, <a title="Erläuterung ver.di" href="https://mav.leine-solling.de/?page_id=111"><strong>ver.di</strong></a> und <a title="Erläuterung VkM" href="https://mav.leine-solling.de/?page_id=112"><strong>VkM</strong></a> in die <abbr class='c2c-text-hover' title='Arbeits- und Dienstrechtliche Kommission'>ADK</abbr> entsandt.</p>
<p>Nach nur einer Wahlperiode (2006 bis 2011) hat ver.di beschlossen, sich nicht weiter an der <abbr class='c2c-text-hover' title='Arbeits- und Dienstrechtliche Kommission'>ADK</abbr> zu beteiligen, da man der Auffassung ist, das Ziel, Abschluss von  Tarifverträgen, nicht im Verfahren des &#8222;Dritten Weges&#8220; erreichen zu können. Die 9 Sitze der Arbeitnehmerseite teilen sich auf die verbleibenden Verbände folgendermaßen auf:</p>
<ul>
<li><strong>4 Sitze </strong><strong><abbr class='c2c-text-hover' title='Mitarbeitervertretungsverband'>MVV</abbr>-K<br />
</strong></li>
<li><strong>3 Sitze </strong><strong>VKM-Hannover<br />
</strong></li>
<li><strong>1 Sitz </strong><strong>VKM-Braunschweig<br />
</strong></li>
<li><strong>1 Sitz </strong><strong>VKM-Oldenburg</strong></li>
</ul>
<p>Diese Sitzverteilung konnte nur nach einem langwierigen Einigungsprozess, zum Schluss mit Hilfe eines externen Moderators, erreicht werden.</p>

<p>Arbeits- und dienstrechtliche Kommission, entscheidet auf der Grundlage des MG über die arbeitsrechtlichen Grundlagen aller Mitarbeitenden, also auch solche wesentlichen Dinge wie Einkommen, Dauer der wöchentlichen Arbeitszeit etc&#8230; Die <abbr class='c2c-text-hover' title='Arbeits- und Dienstrechtliche Kommission'>ADK</abbr> wird alle 5 Jahre neu gebildet. Die Arbeitgeber- und Arbeitnehmerseite besetzen jeweils 9 Sitze. Die Vertreter der Arbeitnehmer werden nicht direkt gewählt, sondern durch die [&hellip;]</p>
