{"id":230,"date":"2008-07-08T15:23:22","date_gmt":"2008-07-08T14:23:22","guid":{"rendered":"http:\/\/mav.leine-solling.de\/neu\/?page_id=230"},"modified":"2013-09-09T10:30:15","modified_gmt":"2013-09-09T09:30:15","slug":"tv-l-kirchliche-fassung","status":"publish","type":"page","link":"https:\/\/mav.leine-solling.de\/?page_id=230","title":{"rendered":"TV-L kirchliche Fassung"},"content":{"rendered":"<p>Ab 01.01.2009 soll f\u00fcr die Besch\u00e4ftigten der Konf\u00f6deration evangelischer Kirchen in Niedersachsen die 61. \u00c4nderung der\u00a0 Dienstvertragsordnung gelten. Diese verweist als zu Grunde liegendes Tarifwerk auf den <abbr class='c2c-text-hover' title='Tarifvertrag der L\u00e4nder'>TV-L<\/abbr> und bestimmt die abweichenden kirchlichen Bestimmungen zum <abbr class='c2c-text-hover' title='Tarifvertrag der L\u00e4nder'>TV-L<\/abbr>.<\/p>\n<p>Eine Zusammenstellung des <abbr class='c2c-text-hover' title='Tarifvertrag der L\u00e4nder'>TV-L<\/abbr> in der f\u00fcr Mitarbeitende der Konf\u00f6deration findet sich unter diesem Link <a title=\"TV-L kirchliche Fassung\" href=\"https:\/\/mav.leine-solling.de\/wp-content\/uploads\/2008\/07\/tv-l-dvo-anderungen.pdf\"><abbr class='c2c-text-hover' title='Tarifvertrag der L\u00e4nder'>TV-L<\/abbr> kirchliche Fassung<\/a>.<\/p>\n","protected":false},"excerpt":{"rendered":"<p>Ab 01.01.2009 soll f\u00fcr die Besch\u00e4ftigten der Konf\u00f6deration evangelischer Kirchen in Niedersachsen die 61. \u00c4nderung der\u00a0 Dienstvertragsordnung gelten. Diese verweist als zu Grunde liegendes Tarifwerk auf den <abbr class='c2c-text-hover' title='Tarifvertrag der L\u00e4nder'>TV-L<\/abbr> und bestimmt die abweichenden kirchlichen Bestimmungen zum <abbr class='c2c-text-hover' title='Tarifvertrag der L\u00e4nder'>TV-L<\/abbr>. Eine Zusammenstellung des <abbr class='c2c-text-hover' title='Tarifvertrag der L\u00e4nder'>TV-L<\/abbr> in der f\u00fcr Mitarbeitende der Konf\u00f6deration findet sich unter diesem Link <abbr class='c2c-text-hover' title='Tarifvertrag der L\u00e4nder'>TV-L<\/abbr> kirchliche Fassung.<\/p>\n","protected":false},"author":1,"featured_media":0,"parent":0,"menu_order":0,"comment_status":"open","ping_status":"closed","template":"","meta":{"footnotes":""},"class_list":["post-230","page","type-page","status-publish","hentry"],"_links":{"self":[{"href":"https:\/\/mav.leine-solling.de\/index.php?rest_route=\/wp\/v2\/pages\/230","targetHints":{"allow":["GET"]}}],"collection":[{"href":"https:\/\/mav.leine-solling.de\/index.php?rest_route=\/wp\/v2\/pages"}],"about":[{"href":"https:\/\/mav.leine-solling.de\/index.php?rest_route=\/wp\/v2\/types\/page"}],"author":[{"embeddable":true,"href":"https:\/\/mav.leine-solling.de\/index.php?rest_route=\/wp\/v2\/users\/1"}],"replies":[{"embeddable":true,"href":"https:\/\/mav.leine-solling.de\/index.php?rest_route=%2Fwp%2Fv2%2Fcomments&post=230"}],"version-history":[{"count":1,"href":"https:\/\/mav.leine-solling.de\/index.php?rest_route=\/wp\/v2\/pages\/230\/revisions"}],"predecessor-version":[{"id":1814,"href":"https:\/\/mav.leine-solling.de\/index.php?rest_route=\/wp\/v2\/pages\/230\/revisions\/1814"}],"wp:attachment":[{"href":"https:\/\/mav.leine-solling.de\/index.php?rest_route=%2Fwp%2Fv2%2Fmedia&parent=230"}],"curies":[{"name":"wp","href":"https:\/\/api.w.org\/{rel}","templated":true}]}}

<p>Ab 01.01.2009 soll für die Beschäftigten der Konföderation evangelischer Kirchen in Niedersachsen die 61. Änderung der  Dienstvertragsordnung gelten. Diese verweist als zu Grunde liegendes Tarifwerk auf den <abbr class='c2c-text-hover' title='Tarifvertrag der Länder'>TV-L</abbr> und bestimmt die abweichenden kirchlichen Bestimmungen zum <abbr class='c2c-text-hover' title='Tarifvertrag der Länder'>TV-L</abbr>.</p>
<p>Eine Zusammenstellung des <abbr class='c2c-text-hover' title='Tarifvertrag der Länder'>TV-L</abbr> in der für Mitarbeitende der Konföderation findet sich unter diesem Link <a title="TV-L kirchliche Fassung" href="https://mav.leine-solling.de/wp-content/uploads/2008/07/tv-l-dvo-anderungen.pdf"><abbr class='c2c-text-hover' title='Tarifvertrag der Länder'>TV-L</abbr> kirchliche Fassung</a>.</p>

<p>Ab 01.01.2009 soll für die Beschäftigten der Konföderation evangelischer Kirchen in Niedersachsen die 61. Änderung der  Dienstvertragsordnung gelten. Diese verweist als zu Grunde liegendes Tarifwerk auf den <abbr class='c2c-text-hover' title='Tarifvertrag der Länder'>TV-L</abbr> und bestimmt die abweichenden kirchlichen Bestimmungen zum <abbr class='c2c-text-hover' title='Tarifvertrag der Länder'>TV-L</abbr>. Eine Zusammenstellung des <abbr class='c2c-text-hover' title='Tarifvertrag der Länder'>TV-L</abbr> in der für Mitarbeitende der Konföderation findet sich unter diesem Link <abbr class='c2c-text-hover' title='Tarifvertrag der Länder'>TV-L</abbr> kirchliche Fassung.</p>
