{"id":179,"date":"2007-12-21T11:23:12","date_gmt":"2007-12-21T10:23:12","guid":{"rendered":"http:\/\/mav.leine-solling.de\/neu\/?page_id=179"},"modified":"2019-12-10T11:09:25","modified_gmt":"2019-12-10T10:09:25","slug":"sind-fortbildungen-arbeitszeit","status":"publish","type":"page","link":"https:\/\/mav.leine-solling.de\/?page_id=179","title":{"rendered":"Sind Fortbildungen Arbeitszeit?"},"content":{"rendered":"<p>Die eindeutige Antwort ist: JA!<\/p>\n<p>Bei einer Fortbildung <strong>am Dienstort<\/strong> (also in der eigenen Einrichtung)\u00a0 ist die Fortbildungszeit ohne Abz\u00fcge Arbeitszeit (eine Mittagspause w\u00fcrde als Pause abgezogen).<\/p>\n<p>Bei einer <strong>ausw\u00e4rtigen <\/strong>Fortbildung ist (vorher) ein Dienstreiseantrag zu stellen (siehe <a title=\"Dienstreisen\" href=\"https:\/\/mav.leine-solling.de\/?page_id=134\">Dienstreisen<\/a>). Dann gilt \u00a7 11 Abs. 3 der <abbr class='c2c-text-hover' title='Dienstvertragsordnung'>DVO<\/abbr>:<\/p>\n<p>&#8222;Bei Dienstreisen wird die Zeit der dienstlichen Inanspruchnahme am ausw\u00e4rtigen Gesch\u00e4ftsort und die Zeit der Hin- und R\u00fcckreise zum und vom Gesch\u00e4ftsort einschlie\u00dflich der erforderlichen Wartezeiten ber\u00fccksichtigt, h\u00f6chstens f\u00fcr jeden Tag bis zu elf Stunden&#8220;<\/p>\n<p>D.h. Ab dem Verlassen der eigenen Haust\u00fcre bis zur R\u00fcckkehr nach Hause ist alles Arbeitszeit. Der sich m\u00f6glicherweise an die Fortbildung anschlie\u00dfende Einkaufsbummel in Hannover ist nat\u00fcrlich keine &#8222;dienstliche Inanspruchnahme&#8220; und deshalb von der Abwesenheitszeit abzuziehen. Die &#8222;Wartezeiten&#8220; sind nicht nur die obligatorischen 20 Minuten der Versp\u00e4tung des Zuges am Bahnhof, sondern auch die Zeiten, die zwischen dem Ende der Fortbildung und der Abfahrt des n\u00e4chsten geeigneten Verkehrsmittels liegen.<\/p>\n<p><strong>Es gibt keine Sonderregelungen f\u00fcr Teilzeitbesch\u00e4ftigte. Die M\u00e4r, ein Tag Fortbildung werde, egal wie lange er dauert, nur mit der Arbeitszeit eines Arbeitstages verrechnet, ist eine eben ein M\u00e4rchen, hat aber mit der Rechtslage wenig zu tun. Wer andere anweist, eine Fortbildung nur so abzurechnen, begeht Rechtsbruch! <\/strong><\/p>\n<p><strong>Bitte informiert in so einem Fall die <abbr class='c2c-text-hover' title='Mitarbeitervertretung'>MAV<\/abbr>, damit wir aufkl\u00e4rend eingreifen k\u00f6nnen.<br \/>\n<\/strong><\/p>\n<p>Abweichend von der o.g. Regelung des \u00a7 11 Abs. 3 <abbr class='c2c-text-hover' title='Dienstvertragsordnung'>DVO<\/abbr>, gilt in den Kitas eine Dienstvereinbarung, die regelt, dass &#8222;die tats\u00e4chliche verbrachte Zeit incl. Wegezeit abz\u00fcglich 30 Minuten Mittagspause (&#8230;)\u00a0 einzutragen (ist), <strong>pro Tag h\u00f6chstens jedoch die t\u00e4gliche Regelarbeitszeit eines Vollbesch\u00e4ftigten<\/strong>.&#8220;<\/p>\n","protected":false},"excerpt":{"rendered":"<p>Die eindeutige Antwort ist: JA! Bei einer Fortbildung am Dienstort (also in der eigenen Einrichtung)\u00a0 ist die Fortbildungszeit ohne Abz\u00fcge Arbeitszeit (eine Mittagspause w\u00fcrde als Pause abgezogen). Bei einer ausw\u00e4rtigen Fortbildung ist (vorher) ein Dienstreiseantrag zu stellen (siehe Dienstreisen). Dann gilt \u00a7 11 Abs. 3 der <abbr class='c2c-text-hover' title='Dienstvertragsordnung'>DVO<\/abbr>: &#8222;Bei Dienstreisen wird die Zeit der dienstlichen Inanspruchnahme [&hellip;]<\/p>\n","protected":false},"author":1,"featured_media":0,"parent":29,"menu_order":0,"comment_status":"open","ping_status":"closed","template":"","meta":{"footnotes":""},"class_list":["post-179","page","type-page","status-publish","hentry"],"_links":{"self":[{"href":"https:\/\/mav.leine-solling.de\/index.php?rest_route=\/wp\/v2\/pages\/179","targetHints":{"allow":["GET"]}}],"collection":[{"href":"https:\/\/mav.leine-solling.de\/index.php?rest_route=\/wp\/v2\/pages"}],"about":[{"href":"https:\/\/mav.leine-solling.de\/index.php?rest_route=\/wp\/v2\/types\/page"}],"author":[{"embeddable":true,"href":"https:\/\/mav.leine-solling.de\/index.php?rest_route=\/wp\/v2\/users\/1"}],"replies":[{"embeddable":true,"href":"https:\/\/mav.leine-solling.de\/index.php?rest_route=%2Fwp%2Fv2%2Fcomments&post=179"}],"version-history":[{"count":5,"href":"https:\/\/mav.leine-solling.de\/index.php?rest_route=\/wp\/v2\/pages\/179\/revisions"}],"predecessor-version":[{"id":3570,"href":"https:\/\/mav.leine-solling.de\/index.php?rest_route=\/wp\/v2\/pages\/179\/revisions\/3570"}],"up":[{"embeddable":true,"href":"https:\/\/mav.leine-solling.de\/index.php?rest_route=\/wp\/v2\/pages\/29"}],"wp:attachment":[{"href":"https:\/\/mav.leine-solling.de\/index.php?rest_route=%2Fwp%2Fv2%2Fmedia&parent=179"}],"curies":[{"name":"wp","href":"https:\/\/api.w.org\/{rel}","templated":true}]}}

<p>Die eindeutige Antwort ist: JA!</p>
<p>Bei einer Fortbildung <strong>am Dienstort</strong> (also in der eigenen Einrichtung)  ist die Fortbildungszeit ohne Abzüge Arbeitszeit (eine Mittagspause würde als Pause abgezogen).</p>
<p>Bei einer <strong>auswärtigen </strong>Fortbildung ist (vorher) ein Dienstreiseantrag zu stellen (siehe <a title="Dienstreisen" href="https://mav.leine-solling.de/?page_id=134">Dienstreisen</a>). Dann gilt § 11 Abs. 3 der <abbr class='c2c-text-hover' title='Dienstvertragsordnung'>DVO</abbr>:</p>
<p>&#8222;Bei Dienstreisen wird die Zeit der dienstlichen Inanspruchnahme am auswärtigen Geschäftsort und die Zeit der Hin- und Rückreise zum und vom Geschäftsort einschließlich der erforderlichen Wartezeiten berücksichtigt, höchstens für jeden Tag bis zu elf Stunden&#8220;</p>
<p>D.h. Ab dem Verlassen der eigenen Haustüre bis zur Rückkehr nach Hause ist alles Arbeitszeit. Der sich möglicherweise an die Fortbildung anschließende Einkaufsbummel in Hannover ist natürlich keine &#8222;dienstliche Inanspruchnahme&#8220; und deshalb von der Abwesenheitszeit abzuziehen. Die &#8222;Wartezeiten&#8220; sind nicht nur die obligatorischen 20 Minuten der Verspätung des Zuges am Bahnhof, sondern auch die Zeiten, die zwischen dem Ende der Fortbildung und der Abfahrt des nächsten geeigneten Verkehrsmittels liegen.</p>
<p><strong>Es gibt keine Sonderregelungen für Teilzeitbeschäftigte. Die Mär, ein Tag Fortbildung werde, egal wie lange er dauert, nur mit der Arbeitszeit eines Arbeitstages verrechnet, ist eine eben ein Märchen, hat aber mit der Rechtslage wenig zu tun. Wer andere anweist, eine Fortbildung nur so abzurechnen, begeht Rechtsbruch! </strong></p>
<p><strong>Bitte informiert in so einem Fall die <abbr class='c2c-text-hover' title='Mitarbeitervertretung'>MAV</abbr>, damit wir aufklärend eingreifen können.<br />
</strong></p>
<p>Abweichend von der o.g. Regelung des § 11 Abs. 3 <abbr class='c2c-text-hover' title='Dienstvertragsordnung'>DVO</abbr>, gilt in den Kitas eine Dienstvereinbarung, die regelt, dass &#8222;die tatsächliche verbrachte Zeit incl. Wegezeit abzüglich 30 Minuten Mittagspause (&#8230;)  einzutragen (ist), <strong>pro Tag höchstens jedoch die tägliche Regelarbeitszeit eines Vollbeschäftigten</strong>.&#8220;</p>

<p>Die eindeutige Antwort ist: JA! Bei einer Fortbildung am Dienstort (also in der eigenen Einrichtung)  ist die Fortbildungszeit ohne Abzüge Arbeitszeit (eine Mittagspause würde als Pause abgezogen). Bei einer auswärtigen Fortbildung ist (vorher) ein Dienstreiseantrag zu stellen (siehe Dienstreisen). Dann gilt § 11 Abs. 3 der <abbr class='c2c-text-hover' title='Dienstvertragsordnung'>DVO</abbr>: &#8222;Bei Dienstreisen wird die Zeit der dienstlichen Inanspruchnahme [&hellip;]</p>
